*3 - 9*w**2 + w - 1. Let k be y(9). Let t(r) = 2*r + 53. Let d(v) = -2*v - 61. Let x(i) = -6*d(i) - 7*t(i). Determine x(k).
-21
Let v(f) = 2*f**2 + 11*f + 4. Let c be v(-7). Let x(y) = 19*y - 3 - c*y - y**3 + 5*y - 7*y**2. Give x(-7).
4
Let q = 972 - 976. Let w(x) = -3*x - 15 + 5 + 1 + 5. Calculate w(q).
8
Let h(i) be the third derivative of i**5/60 - 7*i**4/24 - 5*i**3/6 - 2*i**2. Let l = -15743 + 15751. Determine h(l).
3
Let g = -9 + 16. Let t(a) = a**3 - 7*a**2 - a + 10. Let k be t(g). Let f(w) = 168 - 168 + 6*w**k. Determine f(-1).
-6
Let c(f) be the third derivative of 0*f + 62*f**2 + 0 - 1/6*f**4 + 5/3*f**3 - 1/60*f**5. What is c(-7)?
-11
Let n(d) = 62 + 24 - 3*d + 69 - 116. Give n(12).
3
Let d = -457 - -653. Let i = 202 - d. Let g(w) = -w**3 + 5*w**2 + 6*w + 9. What is g(i)?
9
Let j(x) = -14*x + 15 + 7*x - 5*x + x**2. Let l(b) = 11*b + 93. Let a be l(-8). Suppose 5*t = a + 45. Determine j(t).
-5
Let a(l) = -l**2 - 7*l + 34. Let y = -791 - -780. Determine a(y).
-10
Let d(x) = -2*x - 5. Let u be d(-5). Let f(b) = 28*b - 6. Let v(t) = -37*t + 8. Let g(p) = -8*f(p) - 6*v(p). Determine g(u).
-10
Let o = 539 + -545. Let p(u) = -3 + u + 2 + 7 - 4. Calculate p(o).
-4
Let k be 5*7/35 + 6. Let v be 46/16 - 8/((-448)/k). Let z(l) = -l**3 + 4*l**2 - l + 1. Calculate z(v).
7
Suppose 5*u = 23*r - 19*r - 13, 0 = 4*r - u - 25. Let x(c) be the first derivative of -2*c**3/3 + 7*c**2 + 2*c + 5. Calculate x(r).
2
Let n(k) = -k - 9. Suppose 5*j - 6 = o, 5*o + 6 = 8*o - 3*j. Suppose -33 = o*x - x. Let c be n(x). Let d(q) = q. What is d(c)?
2
Suppose 12*i - 176 = 100. Let c(a) = -7*a + 0*a**2 - 18 + 5*a**2 - 4*a**2 + i. Suppose 0*l = -4*l + 28. Calculate c(l).
5
Let l be 0 + 6 - (-5)/(-5). Suppose -6*v - 117 = -7*v. Let n(z) = 4*z - 6*z**2 + 0*z**2 + 4*z + 118*z**3 - v*z**3 - 7. Determine n(l).
8
Let h(u) = u**2 - 13*u + 10. Let n(r) = r**3 + 14*r**2 - r + 22. Let m be n(-14). Suppose m = -8*g + 132. What is h(g)?
-2
Let p(z) = 16*z - 168. Let a(r) = 3*r - 32. Let f(b) = 52*a(b) - 10*p(b). Determine f(14).
-40
Let i(u) = -3*u**3 + 37*u**2 + 64*u + 284. Let b(d) = -2*d**3 + 18*d**2 + 33*d + 142. Let m(x) = -5*b(x) + 3*i(x). Determine m(-20).
2
Let o(t) be the second derivative of t**3/6 - 11*t**2 - 2*t. Suppose 39*i = -80 + 80. What is o(i)?
-22
Let t(q) = 1123*q. Let b be t(0). Let h(j) = -5*j**2 - 7*j - 3. Give h(b).
-3
Let q(a) = -1240*a - 300. Let u(y) = 78*y - 1. Let n(k) = -q(k) - 16*u(k). What is n(39)?
4
Let u be (2 + 6)*(75/20)/5. Let b(c) = -c - 5. What is b(u)?
-11
Let q(t) = 48*t + 699. Let j(c) = -49*c - 850. Let l(r) = -5*j(r) - 6*q(r). What is l(2)?
-30
Let s(u) be the third derivative of -u**6/60 + u**5/12 - 5*u**4/6 + 5*u**3/6 - 3724*u**2. Calculate s(3).
-64
Let f(a) = -2*a**2 + 114 - 238 + 130 - 9*a. Determine f(-8).
-50
Suppose -3*d + 1669 = -4*u + 2*u, 5*d - 2783 = 4*u. Let p(g) = -549 + 1101 - g - d. Calculate p(-5).
2
Suppose 4*y - w - 431 = 2*w, 12 = 4*w. Let s = y + -111. Let i(q) = 33*q**3 - 2*q**2 - q. Give i(s).
-34
Let h(w) = -3*w**2 - 6*w + 5. Let q(u) = -u**2 - 8*u + 1. Let t be q(-8). Calculate h(t).
-4
Let f(s) = 3. Let p(v) = -v - 6. Let y(k) = -5*f(k) - 3*p(k). Let o be (-2)/(-6)*(-18000)/1500. What is y(o)?
-9
Let m(j) = -j**3 + j**2 - j - 1. Let q(x) = 26*x + 5. Let f be q(2). Let c = 57 - f. Suppose -3 = -3*o - c*y + 3*y, -5*y + 5 = 0. What is m(o)?
-7
Let o(h) = -4135176*h + 0 + 1 - 9*h**3 - 2*h**2 + 4135176*h. Calculate o(1).
-10
Let y(z) be the third derivative of z**4/2 + 5*z**3/3 + z**2 + 188*z. Determine y(-6).
-62
Let t(h) be the first derivative of 4*h**2 - 45*h - 6980. Calculate t(13).
59
Let f(j) be the third derivative of -j**4/24 + 7*j**3/6 + j**2. Suppose 522 = -360*t + 273*t. Determine f(t).
13
Suppose -a = -3*i + 8*i - 26, -24 = -a - 4*i. Let y(j) = a*j - 35*j + 18*j + 3*j. Suppose -2*c + 0*c + 12 = 4*h, h - 4*c = 12. What is y(h)?
8
Let h(b) be the first derivative of -b**2/2 - 5*b - 3. Let y(r) = 4*r - 6*r + 0*r - 3 - 6. Let p(q) = 5*h(q) - 3*y(q). Determine p(6).
8
Let l(t) = t**2 + 12*t - 3. Let f be ((-52)/(-6))/(-3*(-4)/(-18)) - 2. Give l(f).
42
Let x(c) = -12*c - 3 + 15*c + 0 - 2. Let o(l) = -2*l**3 - 3*l - 1. Let p be o(-1). What is x(p)?
7
Let s(c) = 4*c - 6*c + 0 + 2. Let z = -127721 - -127715. Calculate s(z).
14
Let g(a) be the first derivative of 45*a**2 - 620*a + 4398. Determine g(7).
10
Let s(v) = 206*v + 48. Let c(n) = -170*n - 47. Let g(m) = -6*c(m) - 5*s(m). Give g(3).
12
Let a(v) = v**3 + 6*v**2 - 2*v - 2. Let l be 3654/108 + ((-1)/6)/(-1). Let o = 28 - l. Give a(o).
10
Let r(j) = j**2 + 8*j + 2. Suppose 310 = 5*u + 5*v, -114 = -2*u + 4*v - v. Let l be 6 + 5 + u/(-4). Determine r(l).
-14
Suppose 4*z = 3*z + 4, 0 = -5*o + 4*z + 19. Let c(l) = 5*l + 26. Let w(q) = 3*q + 23. Let m(f) = 3*c(f) - 4*w(f). Give m(o).
7
Let h(j) = j**2 + 4*j + 4. Let b be h(-4). Suppose 25 - 1 = b*l. Suppose -2*w + l*w - 4 = 0. Let x(z) = -5*z**3 + z**2 - z. What is x(w)?
-5
Let z(x) be the first derivative of x**4/4 - x**3/3 + 5*x**2/2 + 5*x - 51. Let a(w) be the second derivative of z(w). Determine a(3).
16
Let i(t) = t - 3. Let s be i(-6). Let r(c) be the second derivative of -c**4/12 - 5*c**3/3 + c**2 - 2*c - 6375. Give r(s).
11
Let v(w) be the first derivative of w**2/2 - 9*w - 2. Let c(t) = -t + 21*t + 6*t**2 - 29 - t**3 + t**2 + 10*t**2. Let m be c(18). Determine v(m).
-2
Let t(a) = -a - 3. Let q = -206 - -145. Let y = -63 - q. Let v be (0 + y/4)/((-17)/102). Calculate t(v).
-6
Suppose 3*m = 2*w - 238, 5*w = -11*m + 6*m + 645. Suppose 104*u - w*u = -210. Let t(s) = -s**3 + 11*s**2 - 9*s - 4. Calculate t(u).
6
Let b(m) = m**3 + m**2 - m - 14. Let q(z) = 14 + 14*z - 4*z - 3*z. Let k be q(-2). Determine b(k).
-14
Let h(t) be the first derivative of 16*t**3/3 - 5*t - 50. Let z(k) = 19*k**2 - 6. Let i(m) = -6*h(m) + 5*z(m). Let b be (-4)/(-6) - (-2)/(-3). Calculate i(b).
0
Let v(j) = j**2 - j - 5. Let h(f) = -f - 10. Suppose -3*a + 62 - 83 = 0. Let k be h(a). Determine v(k).
7
Suppose 4*a + 4*t + 0*t = 232, 4*a - 217 = t. Let o = 54 - a. Let d(x) be the first derivative of -15*x**2/2 - x + 7. Determine d(o).
14
Let k(y) = -2 - y**3 - 7*y**2 + 0*y + y - 5*y. Let t = 1666 - 1005. Let w = 655 - t. What is k(w)?
-14
Let f(q) = 1480*q + 7389. Let g be f(-5). Let c(m) = -32*m - 359. What is c(g)?
-7
Let c(y) = -y - 35 + 12*y**3 - 16*y**2 + 36 + 15*y**2. Let a(r) = -49*r**3 + 4*r**2 + 4*r - 5. Let l(b) = -2*a(b) - 9*c(b). Give l(-1).
11
Let b(u) = -53*u + 9. Let z(w) = 38*w - 6. Let y(h) = 5*b(h) + 7*z(h). Calculate y(-3).
0
Let f(k) = 5 - 3015*k - 3015*k + 6033*k. What is f(-12)?
-31
Suppose 14*o = l + 17*o - 8, -4*l + 5*o = 53. Let u(q) = 3*q**2 + 21*q - 6. Give u(l).
-6
Suppose 9*j - 119 = 25. Suppose -15*i + 7*i - j = 0. Let a(r) = 3*r + 2. Determine a(i).
-4
Let n(v) = 4*v - 26. Let j(w) = 7*w - 55. Let c(d) = 3*j(d) - 5*n(d). Calculate c(-11).
-46
Let v(d) = d**3 - d**2 - 9*d - 1. Let f be v(4). Let i(g) = -8 - 5 + g + f. Let c be ((-3 - -2) + 0)/((-2)/14). Give i(c).
5
Suppose -3 - 6 = 2*i - 5*b, -3*b = -4*i + 17. Suppose 5*f + 6 = i*f. Let d(l) be the third derivative of 5*l**4/24 - l**3/2 - l**2 - 14. Calculate d(f).
7
Let o(x) = -x**3 + 22*x**2 + x - 13. Let u be o(22). Let z be 24/u - 12/18. Let b(v) = -z + 10*v - 9*v + 2. What is b(-1)?
-1
Let l(r) be the third derivative of r**6/30 - r**4/6 + r**3/3 + 3*r**2 - 342. Give l(1).
2
Let l(b) = 5*b - 2. Suppose -8*x + 3*x = 0. Let g(d) = x*d - 5*d + 16*d - 10*d + 1. Let r(v) = 6*g(v) - l(v). Calculate r(0).
8
Let t(y) = -5*y**3 - 12*y**2 - 4*y - 17. Let f(b) = 12*b**3 + 27*b**2 + 6*b + 35. Let r(k) = -2*f(k) - 5*t(k). Calculate r(-4).
15
Let j(k) = 71*k. Let t = -569 - -570. What is j(t)?
71
Let j(z) = 0 - 5 + 4 - 40*z - 2 + 45*z - z**3. What is j(-4)?
41
Let f be (-2)/10 - 78/(-15). Let k(z) = -2*z**2 - 15*z - 4. Let d be k(-7). Let j(a) = -a - 6 - 6*a**3 - 43*a**2 + 38*a**2 + 13 + 7*a**d. Give j(f).
2
Let o = 55 + -33. Suppose -3*c + o = 8*c. Let z(d) = 6*d**2 - 3*d - 7*d**3 + 10*d**3 + c*d**3 - 4*d**3 + 6. What is z(-6)?
24
Suppose -y - 4*x = 2 + 14, 3*x = -9. Let m(n) = -n - 2. Let j(s) = -12*s - 16. Let v(w) = j(w) - 10*m(w). Calculate v(y).
12
Let y(t) = -3*t + 13. Let x(s) = 8*s - 33. Let f(k) = 6*x(k) + 14*y(k). Give f(4).
8
Let i be (15 + 963/(-63))